Calculate l(190).
18
Let d(g) = -g**3 - 53*g**2 - 283*g - 27. Calculate d(-47).
20
Let s(q) = 49*q + 371. What is s(-11)?
-168
Let h(k) = -k**3 + 11*k**2 - 42. Determine h(2).
-6
Let p(v) = -v**2 - 186*v - 1921. Determine p(-11).
4
Let y(o) = 12*o - 70. Calculate y(-17).
-274
Let a(b) = -168*b - 1931. Give a(-13).
253
Let w(o) = o**3 - 46*o**2 + 46*o + 113. Give w(45).
158
Let f(c) = -9*c**2 + 18*c - 70. Calculate f(8).
-502
Let u(k) = -226*k - 2937. What is u(-13)?
1
Let p(c) = -8*c**2 + 7*c + 96. What is p(-9)?
-615
Let r(v) = -705*v + 2372. Calculate r(3).
257
Let n(c) = 2*c**3 - 10*c**2 - 141*c - 13. What is n(-7)?
-202
Let j(p) = -4*p**3 + 57*p**2 - 32*p + 256. What is j(14)?
4
Let j(b) = -3*b**2 + 10*b + 262. Calculate j(11).
9
Let h(w) = w**3 + 49*w**2 + 86*w - 380. Calculate h(-47).
-4
Let c(f) = 8000*f - 8035. Determine c(1).
-35
Let p(w) = -w**3 + 3*w**2 + 30*w - 86. Give p(8).
-166
Let z(j) = -29*j**2 + 128*j + 8. Calculate z(5).
-77
Let p(h) = 2*h**2 + 452*h - 2764. What is p(6)?
20
Let s(p) = 301*p**2 + 592*p - 6. Calculate s(-2).
14
Let d(q) = -q**3 + 49*q**2 - 210*q - 47. Give d(5).
3
Let v(z) = -578*z + 5794. Give v(10).
14
Let v(x) = -127*x**2 + 3*x + 3. What is v(-1)?
-127
Let g(q) = 273*q + 5234. Give g(-19).
47
Let z(i) = -12*i**2 - 18*i + 89. Determine z(2).
5
Let k(z) = -z**2 + 181*z + 7563. Give k(-35).
3
Let x(p) = -147*p - 19. Calculate x(-2).
275
Let t(y) = -1646*y - 1642. Determine t(-1).
4
Let m(y) = y**2 - 63*y - 726. Calculate m(-10).
4
Let z(m) = 206*m - 627. What is z(3)?
-9
Let j(h) = -h**3 - 53*h**2 - 459*h + 76. Calculate j(-42).
-50
Let d(i) = -4*i - 76. Determine d(3).
-88
Let b(c) = -c**2 - 36*c - 254. Calculate b(-18).
70
Let u(q) = -q**2 - 28*q - 191. Determine u(-11).
-4
Let d(r) = -r**3 + 6*r**2 - 65*r + 309. Determine d(5).
9
Let c(s) = -384*s + 4994. What is c(13)?
2
Let r(m) = m**3 - 21*m**2 - 416*m - 27. What is r(-12)?
213
Let i(u) = -10*u**2 - 210*u + 10. Give i(-21).
10
Let s(x) = 184*x - 1641. What is s(9)?
15
Let y(s) = -2541*s + 2474. Give y(1).
-67
Let c(h) = -h**3 - 37*h**2 - 305*h + 197. Determine c(-24).
29
Let w(o) = -4*o**2 + 33*o + 30. Determine w(10).
-40
Let s(d) = -4*d - 33. What is s(-10)?
7
Let a(s) = s**2 - 27*s + 65. What is a(4)?
-27
Let x(f) = -2*f**3 - 2*f**2 + 41*f + 24. Determine x(-6).
138
Let b(f) = -13*f - 416. Determine b(-28).
-52
Let c(w) = 90*w**2 + 7*w - 17. What is c(2)?
357
Let m(f) = 2793*f + 25134. Calculate m(-9).
-3
Let g(t) = t**3 + 6*t**2 - 297*t + 388. Determine g(-21).
10
Let l(z) = z**3 - 64*z**2 + 63*z - 2. Calculate l(63).
-2
Let v(z) = -4*z**3 - z**2 + z + 103. Calculate v(0).
103
Let g(f) = 188*f - 544. Calculate g(3).
20
Let z(d) = -9*d**3 + 23*d**2 - 9*d + 3. Give z(1).
8
Let w(h) = -245*h + 754. Give w(3).
19
Let p(w) = 118*w + 419. Give p(0).
419
Let f(m) = -2*m + 38. Calculate f(69).
-100
Let f(n) = -11196*n - 22403. Give f(-2).
-11
Let w(s) = -3*s**2 - 1847*s - 7337. Give w(-4).
3
Let f(b) = -8*b - 560. Give f(-75).
40
Let a(r) = -r**3 - 15*r**2 + r + 206. Calculate a(-5).
-49
Let k(j) = j**3 - 5*j**2 + 13*j - 65. What is k(6)?
49
Let v(y) = 166*y - 327. Calculate v(2).
5
Let h(n) = -n**2 - 123*n - 923. Determine h(-9).
103
Let p(q) = 2*q**3 - 141*q**2 - 75*q + 291. Determine p(71).
7
Let j(h) = -105*h - 985. Determine j(-14).
485
Let u(i) = -6*i**2 - 332*i - 3360. What is u(-42)?
0
Let t(g) = 66*g - 381. Give t(13).
477
Let u(m) = -16*m**3 + 4*m + 4. Determine u(-2).
124
Let x(l) = -6*l**3 - 6*l**2 + 11*l + 21. What is x(4)?
-415
Let l(f) = -141*f + 19. Determine l(1).
-122
Let d(h) = -h**2 - 237*h + 1214. What is d(5)?
4
Let f(d) = 3163*d - 9478. Give f(3).
11
Let z(y) = -16*y**2 + 38. Give z(2).
-26
Let p(j) = -36*j - 406. What is p(-18)?
242
Let d(v) = -17*v + 2898. Determine d(172).
-26
Let y(m) = -3*m**3 + 188*m**2 - 169*m + 2797. Determine y(62).
7
Let n(b) = 110*b + 1586. What is n(-11)?
376
Let k(r) = 436*r - 9543. What is k(22)?
49
Let r(h) = 310*h + 2679. Give r(-7).
509
Let n(a) = -a**2 - 193*a - 9381. Determine n(-93).
-81
Let v(q) = -2061*q - 26810. What is v(-13)?
-17
Let o(c) = 26*c - 1138. What is o(59)?
396
Let x(a) = -2*a**3 - 79*a**2 - 177*a + 60. Calculate x(-37).
-236
Let g(w) = -w**3 + 12*w**2 - 8*w - 25. Give g(11).
8
Let j(w) = 167*w - 8831. Determine j(53).
20
Let t(f) = 62*f**2 - 19*f - 39. Give t(-3).
576
Let k(c) = -376*c + 1215. Give k(3).
87
Let d(q) = -q**2 + 185*q - 2563. Determine d(15).
-13
Let q(g) = g**3 + 75*g**2 + 2*g + 10. Give q(0).
10
Let k(a) = -8*a**2 + 26*a + 351. Calculate k(9).
-63
Let m(g) = g**2 + 97*g - 619. Calculate m(6).
-1
Let v(w) = -1423*w + 12806. Calculate v(9).
-1
Let w(r) = -14*r**2 + 337*r - 358. Determine w(23).
-13
Let n(o) = 150*o**2 - 450*o - 7. Calculate n(3).
-7
Let a(o) = 28*o**3 + 10*o**2 + 3*o - 1. Calculate a(-2).
-191
Let b(p) = -295*p + 2344. Calculate b(8).
-16
Let q(g) = 69*g - 2395. Determine q(34).
-49
Let w(h) = -6*h**3 + 4*h**2 - 5*h. What is w(2)?
-42
Let x(m) = 5*m**2 - 22*m + 434. What is x(12)?
890
Let u(g) = -g**2 + 6*g + 32. Calculate u(5).
37
Let w(i) = i**2 - 4*i - 255. Determine w(-14).
-3
Let s(c) = -c**2 + 31*c + 533. What is s(-13)?
-39
Let o(r) = -r**3 + 30*r**2 + 60*r - 107. What is o(32)?
-235
Let s(w) = -2*w**2 + 33*w - 106. Give s(12).
2
Let h(x) = 164*x + 267. Give h(-3).
-225
Let h(i) = -i**3 - 15*i**2 - 3*i + 137. Determine h(-14).
-17
Let a(s) = s**3 - 21*s**2 + 78*s + 144. Determine a(7).
4
Let c(i) = -115*i - 561. Give c(-5).
14
Let z(p) = 55*p**3 - p**2 + p + 4. Determine z(-2).
-442
Let v(k) = -66*k - 3237. What is v(-49)?
-3
Let a(t) = t**3 - 89*t**2 - 675*t + 257. Calculate a(96).
-31
Let m(s) = 2*s**3 + 110*s**2 + 744*s - 379. Give m(-47).
-3
Let v(b) = -191*b + 1396. Determine v(9).
-323
Let i(q) = -6*q**2 - 37*q + 275. Determine i(8).
-405
Let q(i) = 5*i**3 - 2*i**2 - 3*i + 6. Give q(2).
32
Let g(c) = -c**2 - 10*c + 70. Give g(-14).
14
Let i(k) = 8*k + 424. Give i(-36).
136
Let h(d) = -d**3 + 13*d**2 - 6*d - 72. Determine h(12).
0
Let a(x) = -263*x - 24726. Calculate a(-94).
-4
Let i(m) = -26*m + 996. Calculate i(39).
-18
Let r(g) = -6*g**2 + 636*g + 1971. Determine r(109).
9
Let n(k) = -99*k + 1024. Determine n(11).
-65
Let o(r) = -r**3 - 3*r**2 - 4*r - 5. What is o(-4)?
27
Let g(x) = -118*x**3 - 1534*x**2 - 6*x - 28. What is g(-13)?
50
Let b(q) = q**2 - 227*q + 1122. Calculate b(5).
12
Let t(y) = 312*y - 28378. What is t(91)?
14
Let g(x) = -x**2 - 1941*x + 9725. Calculate g(5).
-5
Let u(d) = -35*d + 971. What is u(28)?
-9
Let p(x) = -x**2 - 27*x - 295. Calculate p(-26).
-269
Let u(l) = -39*l**2 + 15*l + 8. Give u(2).
-118
Let b(d) = 25*d + 273. Calculate b(-4).
173
Let m(p) = p**3 + 16*p**2 + 31*p + 20. Determine m(-13).
124
Let d(q) = 5*q**3 + 6*q**2 + 13*q + 14. Determine d(-2).
-28
Let l(f) = -49*f - 175. What is l(-6)?
119
Let a(l) = -5*l**3 + 18*l**2 - 33*l + 70. What is a(3)?
-2
Let t(a) = a**2 + 27*a - 40. Calculate t(-29).
18
Let d(h) = -2*h**2 + 41*h - 66. What is d(20)?
-46
Let c(u) = u**2 + 6*u + 51. Determine c(0).
51
Let q(a) = 8*a**2 + 652*a + 39. Determine q(-82).
367
Let t(v) = -v**3 + 17*v**2 + 5*v + 77. Determine t(18).
-157
Let v(y) = 705*y + 71197. Calculate v(-101).
-8
Let x(y) = -141*y - 17208. Determine x(-122).
-6
Let h(i) = -10*i + 197. What is h(18)?
17
Let o(d) = -d**3 - 32*d**2 - 66*d - 131. Determine o(-30).
49
Let i(q) = -2*q**3 + 77*q**2 - 108*q - 110. Calculate i(37).
1
Let g(z) = 47*z + 583. Give g(-13).
-28
Let f(i) = i**3 - 20*i**2 + 119*i - 1499. What is f(18)?
-5
Let h(k) = 3*k**3 + 2*k**2 + k - 17. Calculate h(2).
17
Let s(o) = 4*o**3 + 250*o**2 + 126*o + 30. Give s(-62).
-94
Let b(v) = 4*v - 325. Give b(75).
-25
Let j(t) = 7*t**3 - 366*t**2 - 263*t - 104. Give j(53).
2
Let a(i) = i**3 - 94*i**2 + 271*i + 233. Give a(91).
51
Let a(g) = -g - 66. Determine a(12).
-78
Let v(r) = 39*r - 74. Calculate v(5).
121
Let f(d) = -d**3 + 39*d**2 + d + 183. Give f(39).
222
Let p(a) = -14*a + 135. Determine p(7).
37
Let i(b) = -7*b**2 + 26*b + 94. Give i(-5).
-211
Let z(n) = n**3 + 3*n**2 + 33*n - 14. Determine z(-6).
-320
Let x(f) = 2*f**3 - 29*f**2 + 99*f + 33. What is x(9)?
33
Let c(p) = -41*p - 497. Determine c(-13).
36
Let k(b) = 233*b + 27535. Calculate k(-118).
41
Let j(u) = -2*u + 16. What is j(-6)?
2